-387 - 453 = l*o. Let y = o - -294. What is the tens digit of y?
5
Let j = 2744 - -4228. What is the tens digit of j?
7
Let c(o) = -7 - 4756*o + 29 + 4742*o. What is the units digit of c(-16)?
6
Let q(y) = y**3 + 2*y**2 - 7*y + 2. Let r be q(3). Suppose 4*o + r = -5*p, -4*o + 3*o + 6 = -5*p. Let h(z) = -53*z + 8. What is the units digit of h(o)?
0
Suppose 227 - 223 = -o. What is the hundreds digit of 0 - 308*4/o?
3
Let r(f) = 104*f - 777. What is the hundreds digit of r(51)?
5
What is the hundreds digit of (-26 - -2948)/(2/3)?
3
Suppose -5*l = -6*l - 6*l. Suppose -3*c - 7*h + 24 = -3*h, 2*c - 2*h - 16 = l. Let s = c - -23. What is the units digit of s?
1
Let d(r) be the second derivative of 1/20*r**5 + 0 + 19/2*r**2 - 1/6*r**3 - 1/6*r**4 + 40*r. What is the units digit of d(0)?
9
Let d be (-9396)/(-8) + (-2)/(-4). Suppose -u - 1182 = -4*u - 3*a, 3*u = 4*a + d. What is the tens digit of u?
9
Let t = -25 - -615. Let i = t - -513. What is the units digit of i?
3
Suppose 5*v - 2*s + 5*s + 1297 = 0, -2*v - 3*s - 526 = 0. What is the hundreds digit of 0 + -3 - (v + -8)?
2
Let t(z) = z**2 - 11*z + 33. Let r be t(7). Suppose -3*m - s = -m - 3026, -2*m + r*s = -3002. What is the units digit of m?
1
Let l = 70 + -74. What is the hundreds digit of 447 - (0 + -2 + 7 + l)?
4
Suppose 4*l = -2778 - 78. Let w = l - -1692. What is the tens digit of w?
7
Let n be ((-20)/9)/(-10) - 2240/36. Suppose 114 + 54 = -4*o. Let t = o - n. What is the units digit of t?
0
Suppose 2*m + 6 - 40 = -2*f, 2*m + 4*f - 28 = 0. Let c be 894/15 - (-8)/m. Suppose 3*y + 3*t = 72, 3*y - t - c = 20. What is the units digit of y?
6
Suppose -4*g - 11 = -q, -q = 3*g - 3*q + 7. What is the units digit of 12/g - 2034/(-3 - 6)?
2
Let h = 9447 - 4335. What is the units digit of h?
2
Suppose 0 = 4*d - 6*d. Suppose d = r + 2*w - 28, 0*r - 60 = -2*r - 2*w. Let o = r - 14. What is the tens digit of o?
1
Let x(o) = o**3 + 15*o**2 + 14*o - 5. Let b be x(-14). What is the tens digit of (5 - 0)*(b - (-741)/15)?
2
Let d(r) be the second derivative of -r**5/20 + 2*r**4/3 + 7*r**3/6 + 19*r**2/2 - 2*r. Let q(n) = 19*n + 47. Let l be q(-2). What is the units digit of d(l)?
1
Suppose 3*z - 34998 = -5*s, 5*z + 13003 = s + 71277. What is the ten thousands digit of z?
1
Let g = -9086 - -25950. What is the tens digit of g?
6
Let h be (-3)/5 + 1 + 152/20. What is the hundreds digit of h*(-3)/(-24) - -32*30?
9
Let o be (-20)/8*16/(-20). Suppose 0 = o*q + t + 2*t + 33, -5*q - 3*t - 60 = 0. What is the tens digit of (28/(-5))/(q/90)?
5
Let g(w) = 17*w**2 - 4*w + 8*w**2 + 23 - 1 - 12*w. What is the tens digit of g(5)?
6
Let z = 38 + -76. Let b be (z/57)/((-2)/(-51)). Let o(y) = y**2 + 7*y - 36. What is the hundreds digit of o(b)?
1
Let j(b) = b + 24. Let t be j(-10). Let c = -102 - -557. Suppose -7*h = -t - c. What is the tens digit of h?
6
What is the units digit of (-365170)/(-91) - (-3)/21?
3
Suppose -295617 = -94*b + 203147. What is the hundreds digit of b?
3
Suppose 2*v - 10 = 836. Let d = v - 35. What is the hundreds digit of d?
3
Let q be (3 - (-2 + 3))*1. Suppose 0 = -2*w - s + 94 + 159, -494 = -4*w + q*s. Suppose -w - 60 = -5*f. What is the units digit of f?
7
Let j be 28/8 + 522/(-36). Let u(l) = -l**3 - l**2 - 17*l + 23. What is the units digit of u(j)?
0
Suppose 0 = -l - 5*o + 35297, 4*l - 141188 = 139*o - 140*o. What is the ten thousands digit of l?
3
Suppose -2*r - 5274 + 20084 = 0. What is the tens digit of r?
0
Let v(q) = -q + 16. Let b be v(12). Let g be (4 + (-12)/3)/(b/2). Suppose -x + 5*x - 3*z - 312 = g, 0 = 5*x - z - 390. What is the tens digit of x?
7
Suppose u + 188*j - 14938 = 185*j, 0 = 4*u - 2*j - 59822. What is the thousands digit of u?
4
Suppose -339 = -2*s + 249. Let j = 311 - s. What is the tens digit of j?
1
Suppose 5 = -10*h + 15*h. What is the units digit of h + 5551/14 - 3/(-2)?
9
Let f(v) be the second derivative of 0 - 1/2*v**2 - 5/2*v**3 - 17*v. What is the tens digit of f(-1)?
1
Let k(r) = r**3 - 23*r**2 - 62*r - 32. Let w be ((-33)/(-22))/(3/52). What is the units digit of k(w)?
4
Let z = -6186 + 11172. What is the hundreds digit of z?
9
What is the hundreds digit of (54/24)/(-3) + (3 - 70965/(-12))?
9
Suppose 3*t + 2*l - 2 = 0, 5*t + 5*l + 9 - 14 = 0. Let f(k) = 75*k - 1. Let x be f(2). Suppose 2*b + 31 - x = t. What is the units digit of b?
9
Suppose -2*c - c + 13923 = 4*z, z - 3*c = 3477. What is the units digit of z?
0
Suppose -21*j + 346079 = 118670. What is the thousands digit of j?
0
Let j(s) be the second derivative of -5*s**3/6 - 2*s**2 + 8*s. Let p be j(-2). Suppose -7*u + 91 = p*u. What is the units digit of u?
7
Suppose -2*h = 3*h - 1500. Let i be 9*(-15)/405*-441. Let b = h - i. What is the units digit of b?
3
Suppose -4*m = -5*n - 11, 9 = m - 0*m + 5*n. Suppose 13*l - 2205 = m*l. What is the units digit of l?
5
Let g(j) = -2*j + 4. Let d be g(-12). Suppose 0 = -8*u - d + 4. What is the units digit of (-12)/(-9)*((-117)/(-2) + u)?
4
Let j(z) = -2*z + 22. Let t be j(6). Let o = 6 - 6. Suppose t*x - 182 - 918 = o. What is the hundreds digit of x?
1
Let f(d) = -307*d - 45. Let b = 230 + -232. What is the units digit of f(b)?
9
Let v(a) be the third derivative of 0*a**4 + 5*a**3 + 0*a + 1/60*a**5 - 13*a**2 + 0. What is the units digit of v(8)?
4
Suppose -8*j + 6206 = v - 6*j, 2*j = 2*v - 12388. Suppose 232 = 2*s + 3*p - 2856, -5*p = -4*s + v. What is the thousands digit of s?
1
Suppose -6*h + 23 + 13 = 0. What is the hundreds digit of 367*21/18 + (-1)/h?
4
Suppose 0 = m, 0 = -k + 4*m - 9*m - 5. Let j(x) = -3*x**3 - 7*x**2 - x + 6. What is the units digit of j(k)?
1
Suppose -8*t = 2*t - 200. Suppose -2*s + t - 16 = 0. Suppose -k + s*w + 2*w = -63, 0 = -k - w + 83. What is the tens digit of k?
7
Let x = 48 - 16. Let a = 28 - x. Let l(r) = -17*r + 4. What is the tens digit of l(a)?
7
Let o(g) = -g**2 - 45*g + 113. Let c be o(-45). Let v = c + 98. What is the hundreds digit of v?
2
Let f = -304 - -147. Let l = f + 80. Let r = l + 78. What is the units digit of r?
1
Let r(i) = -164*i + 54. Let f be r(-15). What is the tens digit of (0 + 2)*4/(48/f)?
1
Let p = 39185 + -27381. What is the ten thousands digit of p?
1
Suppose -i + 5*u = 1680, 11 = -5*u + 1. Let a = 3049 + i. What is the hundreds digit of a?
3
Suppose 223720 = 364*j - 181*j - 169*j. What is the units digit of j?
0
Let j be (5/(-2))/(8 - (-57357)/(-7170)). What is the tens digit of (-1)/3 + 1*j/(-15)?
9
Let m be (1 - -3) + -51 + 0 + 3. Let c = m - -190. What is the units digit of c?
6
Let p = 39 + -36. Let z(j) = 5 + 4*j**3 - 8*j**2 - 3*j**3 + 4*j - p. What is the tens digit of z(8)?
3
Suppose 5*o - 67 = -37. Suppose -o*v = -4*v + 322. Let p = -86 - v. What is the units digit of p?
5
Let u be (6 - 4)/(1 + -2). Let p be u*(-2 - 2 - 0). Suppose -p*z + 12*z - 196 = 0. What is the units digit of z?
9
Let n(g) be the first derivative of g**2 + 25*g + 50. Let q be n(-10). Suppose 207 + 473 = q*y. What is the units digit of y?
6
Let k be (4*1 - 1)*1. Suppose -3*n + 2*x = 0, -15*n + 17*n - 3*x + 5 = 0. What is the units digit of 2/n + (-1 - (-9)/k)?
3
Let x be 1 + 1/(3 - 8094/2700). Suppose -x*y - 3003 = -458*y. What is the units digit of y?
9
What is the tens digit of (-45342)/(-4) - 4/(-16)*14?
3
Let d be 16/(-5)*(-5185)/34. Let p = 694 - d. Suppose -p = -2*m - 6. What is the tens digit of m?
0
What is the thousands digit of (-257180)/(-21) + (-48)/(-9)?
2
Suppose -2*t = -20*t + 216. Suppose -286*p + t = -285*p. What is the tens digit of p?
1
Let h = -9204 - -9206. Let x = 3 - 0. Suppose -2*k + 310 = -h*p - x*p, -644 = -4*k + 4*p. What is the units digit of k?
5
What is the tens digit of (14352/65)/((33/(-170))/(-11))?
1
Suppose 0 = -0*h + h - o - 613, -o + 3077 = 5*h. Suppose -4*n = n - h. Let y = n + -72. What is the units digit of y?
1
Let s(d) = -2*d**2 + 2*d + 9. Suppose g + 2*u = -13, -u - 24 = g + 3*g. Let t be s(g). Let o = -29 - t. What is the tens digit of o?
2
Let y(r) = 1. Let n(l) = 54*l + 54. Let u(z) = n(z) - 54*y(z). What is the hundreds digit of u(6)?
3
Let i = -3382 + 4855. What is the thousands digit of i?
1
Let o = -39345 - -59154. What is the hundreds digit of o?
8
Let k = -14130 + 23654. What is the thousands digit of k?
9
Let r(c) = 5*c + 24. Let z be r(-7). Let p be z - 4*(-3)/3. What is 